{"id":57,"date":"2026-02-28T18:21:57","date_gmt":"2026-02-28T17:21:57","guid":{"rendered":"https:\/\/fishb.pl\/?page_id=57"},"modified":"2026-02-28T19:07:18","modified_gmt":"2026-02-28T18:07:18","slug":"fishb-zmieniamy-sie-dla-was-przynety-wedkarskie","status":"publish","type":"page","link":"https:\/\/fishb.pl\/","title":{"rendered":"FishB &#8211; zmieniamy si\u0119 dla Was"},"content":{"rendered":"\n<figure class=\"wp-block-image aligncenter size-large is-resized\"><a href=\"https:\/\/fishb.pl\/wp-content\/uploads\/2026\/02\/FishB-mapa-targowa-2.jpg\" target=\"_blank\" rel=\" noreferrer noopener\"><img fetchpriority=\"high\" decoding=\"async\" width=\"1024\" height=\"836\" src=\"https:\/\/fishb.pl\/wp-content\/uploads\/2026\/02\/FishB-mapa-targowa-2-1024x836.jpg?_t=1772301763\" alt=\"\" class=\"wp-image-76\" style=\"aspect-ratio:1.2249909714698448;width:229px;height:auto\" srcset=\"https:\/\/fishb.pl\/wp-content\/uploads\/2026\/02\/FishB-mapa-targowa-2-1024x836.jpg 1024w, https:\/\/fishb.pl\/wp-content\/uploads\/2026\/02\/FishB-mapa-targowa-2-300x245.jpg 300w, https:\/\/fishb.pl\/wp-content\/uploads\/2026\/02\/FishB-mapa-targowa-2-768x627.jpg 768w, https:\/\/fishb.pl\/wp-content\/uploads\/2026\/02\/FishB-mapa-targowa-2-1536x1254.jpg 1536w, https:\/\/fishb.pl\/wp-content\/uploads\/2026\/02\/FishB-mapa-targowa-2-2048x1672.jpg 2048w\" sizes=\"(max-width: 1024px) 100vw, 1024px\" \/><\/a><\/figure>\n\n\n\n<div class=\"wp-block-cover aligncenter is-light\" style=\"min-height:350px;aspect-ratio:unset;\"><video class=\"wp-block-cover__video-background intrinsic-ignore\" autoplay muted loop playsinline src=\"https:\/\/fishb.pl\/wp-content\/uploads\/2026\/02\/Strona-w-budowie-16x9-1.mp4\" style=\"object-position:51% 50%\" data-object-fit=\"cover\" data-object-position=\"51% 50%\"><\/video><span aria-hidden=\"true\" class=\"wp-block-cover__background has-background-dim\" style=\"background-color:#FFF\"><\/span><div class=\"wp-block-cover__inner-container has-global-padding is-layout-constrained wp-block-cover-is-layout-constrained\">\n<p class=\"has-text-align-center has-large-font-size\"><\/p>\n<\/div><\/div>\n\n\n\n<div class=\"wp-block-file aligncenter\"><a id=\"wp-block-file--media-49c8c3ec-39f1-4c03-98c5-2c1903c57def\" href=\"https:\/\/fishb.pl\/wp-content\/uploads\/2026\/02\/FishB-katalog-2026-A4.pdf\">FishB &#8211; katalog 2026 (A4)<\/a><a href=\"https:\/\/fishb.pl\/wp-content\/uploads\/2026\/02\/FishB-katalog-2026-A4.pdf\" class=\"wp-block-file__button wp-element-button\" download aria-describedby=\"wp-block-file--media-49c8c3ec-39f1-4c03-98c5-2c1903c57def\">Pobierz<\/a><\/div>\n\n\n\n<p><\/p>\n","protected":false},"excerpt":{"rendered":"","protected":false},"author":1,"featured_media":0,"parent":0,"menu_order":0,"comment_status":"closed","ping_status":"closed","template":"fish-b-zmieniamy-si-dla-was","meta":{"footnotes":""},"class_list":["post-57","page","type-page","status-publish","hentry"],"yoast_head":"<!-- This site is optimized with the Yoast SEO plugin v27.0 - https:\/\/yoast.com\/product\/yoast-seo-wordpress\/ -->\n<title>FishB - zmieniamy si\u0119 dla Was - wordpressplugins<\/title>\n<meta name=\"description\" content=\"FishB - polski producent przyn\u0119t w\u0119dkarskich najwy\u017cszej jako\u015bci do wielu metod po\u0142owu, w tym: spinning, czeburaszka, drop shot, vertical pelagic. Przyn\u0119ty z kategorii real fish, ripper, jask\u00f3\u0142ka, g\u0142\u00f3wki i korpusy. % %\" \/>\n<meta name=\"robots\" content=\"index, follow, max-snippet:-1, max-image-preview:large, max-video-preview:-1\" \/>\n<link rel=\"canonical\" href=\"https:\/\/fishb.pl\/\" \/>\n<meta property=\"og:locale\" content=\"en_US\" \/>\n<meta property=\"og:type\" content=\"article\" \/>\n<meta property=\"og:title\" content=\"FishB - zmieniamy si\u0119 dla Was - wordpressplugins\" \/>\n<meta property=\"og:description\" content=\"FishB - polski producent przyn\u0119t w\u0119dkarskich najwy\u017cszej jako\u015bci do wielu metod po\u0142owu, w tym: spinning, czeburaszka, drop shot, vertical pelagic. Przyn\u0119ty z kategorii real fish, ripper, jask\u00f3\u0142ka, g\u0142\u00f3wki i korpusy. % %\" \/>\n<meta property=\"og:url\" content=\"https:\/\/fishb.pl\/\" \/>\n<meta property=\"og:site_name\" content=\"wordpressplugins\" \/>\n<meta property=\"article:modified_time\" content=\"2026-02-28T18:07:18+00:00\" \/>\n<meta property=\"og:image\" content=\"https:\/\/fishb.pl\/wp-content\/uploads\/2026\/02\/FishB-mapa-targowa-2.jpg\" \/>\n\t<meta property=\"og:image:width\" content=\"2250\" \/>\n\t<meta property=\"og:image:height\" content=\"1837\" \/>\n\t<meta property=\"og:image:type\" content=\"image\/jpeg\" \/>\n<meta name=\"twitter:card\" content=\"summary_large_image\" \/>\n<meta name=\"twitter:label1\" content=\"Est. reading time\" \/>\n\t<meta name=\"twitter:data1\" content=\"1 minute\" \/>\n<script type=\"application\/ld+json\" class=\"yoast-schema-graph\">{\"@context\":\"https:\/\/schema.org\",\"@graph\":[{\"@type\":\"WebPage\",\"@id\":\"https:\/\/fishb.pl\/\",\"url\":\"https:\/\/fishb.pl\/\",\"name\":\"FishB - zmieniamy si\u0119 dla Was - wordpressplugins\",\"isPartOf\":{\"@id\":\"https:\/\/fishb.pl\/#website\"},\"primaryImageOfPage\":{\"@id\":\"https:\/\/fishb.pl\/#primaryimage\"},\"image\":{\"@id\":\"https:\/\/fishb.pl\/#primaryimage\"},\"thumbnailUrl\":\"https:\/\/fishb.pl\/wp-content\/uploads\/2026\/02\/FishB-mapa-targowa-2-1024x836.jpg?_t=1772301763\",\"datePublished\":\"2026-02-28T17:21:57+00:00\",\"dateModified\":\"2026-02-28T18:07:18+00:00\",\"description\":\"FishB - polski producent przyn\u0119t w\u0119dkarskich najwy\u017cszej jako\u015bci do wielu metod po\u0142owu, w tym: spinning, czeburaszka, drop shot, vertical pelagic. Przyn\u0119ty z kategorii real fish, ripper, jask\u00f3\u0142ka, g\u0142\u00f3wki i korpusy. % %\",\"breadcrumb\":{\"@id\":\"https:\/\/fishb.pl\/#breadcrumb\"},\"inLanguage\":\"en-US\",\"potentialAction\":[{\"@type\":\"ReadAction\",\"target\":[\"https:\/\/fishb.pl\/\"]}]},{\"@type\":\"ImageObject\",\"inLanguage\":\"en-US\",\"@id\":\"https:\/\/fishb.pl\/#primaryimage\",\"url\":\"https:\/\/fishb.pl\/wp-content\/uploads\/2026\/02\/FishB-mapa-targowa-2.jpg\",\"contentUrl\":\"https:\/\/fishb.pl\/wp-content\/uploads\/2026\/02\/FishB-mapa-targowa-2.jpg\",\"width\":2250,\"height\":1837},{\"@type\":\"BreadcrumbList\",\"@id\":\"https:\/\/fishb.pl\/#breadcrumb\",\"itemListElement\":[{\"@type\":\"ListItem\",\"position\":1,\"name\":\"Home\",\"item\":\"https:\/\/fishb.pl\/\"},{\"@type\":\"ListItem\",\"position\":2,\"name\":\"FishB &#8211; zmieniamy si\u0119 dla Was\"}]},{\"@type\":\"WebSite\",\"@id\":\"https:\/\/fishb.pl\/#website\",\"url\":\"https:\/\/fishb.pl\/\",\"name\":\"wordpressplugins\",\"description\":\"\",\"potentialAction\":[{\"@type\":\"SearchAction\",\"target\":{\"@type\":\"EntryPoint\",\"urlTemplate\":\"https:\/\/fishb.pl\/?s={search_term_string}\"},\"query-input\":{\"@type\":\"PropertyValueSpecification\",\"valueRequired\":true,\"valueName\":\"search_term_string\"}}],\"inLanguage\":\"en-US\"}]}<\/script>\n<!-- \/ Yoast SEO plugin. -->","yoast_head_json":{"title":"FishB - zmieniamy si\u0119 dla Was - wordpressplugins","description":"FishB - polski producent przyn\u0119t w\u0119dkarskich najwy\u017cszej jako\u015bci do wielu metod po\u0142owu, w tym: spinning, czeburaszka, drop shot, vertical pelagic. Przyn\u0119ty z kategorii real fish, ripper, jask\u00f3\u0142ka, g\u0142\u00f3wki i korpusy. % %","robots":{"index":"index","follow":"follow","max-snippet":"max-snippet:-1","max-image-preview":"max-image-preview:large","max-video-preview":"max-video-preview:-1"},"canonical":"https:\/\/fishb.pl\/","og_locale":"en_US","og_type":"article","og_title":"FishB - zmieniamy si\u0119 dla Was - wordpressplugins","og_description":"FishB - polski producent przyn\u0119t w\u0119dkarskich najwy\u017cszej jako\u015bci do wielu metod po\u0142owu, w tym: spinning, czeburaszka, drop shot, vertical pelagic. Przyn\u0119ty z kategorii real fish, ripper, jask\u00f3\u0142ka, g\u0142\u00f3wki i korpusy. % %","og_url":"https:\/\/fishb.pl\/","og_site_name":"wordpressplugins","article_modified_time":"2026-02-28T18:07:18+00:00","og_image":[{"width":2250,"height":1837,"url":"https:\/\/fishb.pl\/wp-content\/uploads\/2026\/02\/FishB-mapa-targowa-2.jpg","type":"image\/jpeg"}],"twitter_card":"summary_large_image","twitter_misc":{"Est. reading time":"1 minute"},"schema":{"@context":"https:\/\/schema.org","@graph":[{"@type":"WebPage","@id":"https:\/\/fishb.pl\/","url":"https:\/\/fishb.pl\/","name":"FishB - zmieniamy si\u0119 dla Was - wordpressplugins","isPartOf":{"@id":"https:\/\/fishb.pl\/#website"},"primaryImageOfPage":{"@id":"https:\/\/fishb.pl\/#primaryimage"},"image":{"@id":"https:\/\/fishb.pl\/#primaryimage"},"thumbnailUrl":"https:\/\/fishb.pl\/wp-content\/uploads\/2026\/02\/FishB-mapa-targowa-2-1024x836.jpg?_t=1772301763","datePublished":"2026-02-28T17:21:57+00:00","dateModified":"2026-02-28T18:07:18+00:00","description":"FishB - polski producent przyn\u0119t w\u0119dkarskich najwy\u017cszej jako\u015bci do wielu metod po\u0142owu, w tym: spinning, czeburaszka, drop shot, vertical pelagic. Przyn\u0119ty z kategorii real fish, ripper, jask\u00f3\u0142ka, g\u0142\u00f3wki i korpusy. % %","breadcrumb":{"@id":"https:\/\/fishb.pl\/#breadcrumb"},"inLanguage":"en-US","potentialAction":[{"@type":"ReadAction","target":["https:\/\/fishb.pl\/"]}]},{"@type":"ImageObject","inLanguage":"en-US","@id":"https:\/\/fishb.pl\/#primaryimage","url":"https:\/\/fishb.pl\/wp-content\/uploads\/2026\/02\/FishB-mapa-targowa-2.jpg","contentUrl":"https:\/\/fishb.pl\/wp-content\/uploads\/2026\/02\/FishB-mapa-targowa-2.jpg","width":2250,"height":1837},{"@type":"BreadcrumbList","@id":"https:\/\/fishb.pl\/#breadcrumb","itemListElement":[{"@type":"ListItem","position":1,"name":"Home","item":"https:\/\/fishb.pl\/"},{"@type":"ListItem","position":2,"name":"FishB &#8211; zmieniamy si\u0119 dla Was"}]},{"@type":"WebSite","@id":"https:\/\/fishb.pl\/#website","url":"https:\/\/fishb.pl\/","name":"wordpressplugins","description":"","potentialAction":[{"@type":"SearchAction","target":{"@type":"EntryPoint","urlTemplate":"https:\/\/fishb.pl\/?s={search_term_string}"},"query-input":{"@type":"PropertyValueSpecification","valueRequired":true,"valueName":"search_term_string"}}],"inLanguage":"en-US"}]}},"_links":{"self":[{"href":"https:\/\/fishb.pl\/index.php?rest_route=\/wp\/v2\/pages\/57","targetHints":{"allow":["GET"]}}],"collection":[{"href":"https:\/\/fishb.pl\/index.php?rest_route=\/wp\/v2\/pages"}],"about":[{"href":"https:\/\/fishb.pl\/index.php?rest_route=\/wp\/v2\/types\/page"}],"author":[{"embeddable":true,"href":"https:\/\/fishb.pl\/index.php?rest_route=\/wp\/v2\/users\/1"}],"replies":[{"embeddable":true,"href":"https:\/\/fishb.pl\/index.php?rest_route=%2Fwp%2Fv2%2Fcomments&post=57"}],"version-history":[{"count":7,"href":"https:\/\/fishb.pl\/index.php?rest_route=\/wp\/v2\/pages\/57\/revisions"}],"predecessor-version":[{"id":81,"href":"https:\/\/fishb.pl\/index.php?rest_route=\/wp\/v2\/pages\/57\/revisions\/81"}],"wp:attachment":[{"href":"https:\/\/fishb.pl\/index.php?rest_route=%2Fwp%2Fv2%2Fmedia&parent=57"}],"curies":[{"name":"wp","href":"https:\/\/api.w.org\/{rel}","templated":true}]}}